))*-18. Let l = t + d. What is the units digit of l?
7
What is the units digit of (-1)/((88/153288)/(-11))?
1
Let m = 10605 - 18746. What is the hundreds digit of 4 + (-44)/8 + m/(-14)?
5
Let g be (-6)/(-30)*0 + (5 - 2). Suppose -g*k - 191 + 582 = 5*a, -5*a - 533 = -4*k. What is the tens digit of k?
3
Let z = 273 + -195. Suppose 22 = 10*o + 2. Let d = o + z. What is the tens digit of d?
8
Suppose -3565718 - 3310370 = -197*d. What is the tens digit of d?
0
Let j = 6 + 14. Suppose -7*f + 3*f + j = 0. Suppose 0 = -3*w - b + 502, w - f*b - 146 = -0*w. What is the hundreds digit of w?
1
Suppose 2*p = q + 4*p + 13, -4*q - 3*p = 52. Let j(v) = -v**3 - 10*v**2 + 7*v - 55. What is the units digit of j(q)?
1
Let d = 268 + -180. Let l = d - 8. Suppose l = -0*w + 5*w. What is the tens digit of w?
1
Suppose -5*j + 0 = 5. Let y(p) = -21*p**2 - 168*p**3 - 9*p**2 + 4*p - 1 - 3*p + 13*p**2 + 18*p**2. What is the hundreds digit of y(j)?
1
Suppose -33516 - 52100 = -16*q. What is the tens digit of q?
5
Suppose -2*j - 5*u + 13146 = 0, 52*j = 55*j + 9*u - 19716. What is the thousands digit of j?
6
Suppose -3*i + 5*r + 227 = 0, -2*r + 294 = -i + 5*i. Let y = -72 + i. Suppose y*q + 121 = w, -5*w = -w + 2*q - 484. What is the tens digit of w?
2
Suppose -23*f = 2247 - 10872. Suppose 93*k - 90*k - f = 0. What is the tens digit of k?
2
Suppose -38*x + 747944 + 81672 = 0. What is the hundreds digit of x?
8
Suppose 0 = -7*c + 191*c - 4189007 + 1431951. What is the tens digit of c?
8
What is the units digit of (-323)/(-285)*(0 + 1086)*5?
4
Let r(q) = 2920*q + 619. What is the thousands digit of r(21)?
1
Suppose 4*o - t + 5 = 0, 4*o - 4*t + 5*t + 11 = 0. Let d(v) = -2 - 33*v - 22*v - 2. What is the tens digit of d(o)?
0
Suppose 3*o = -13*g + 12*g + 49064, 0 = 5*o + 11*g - 81820. What is the hundreds digit of o?
3
Let u = 327 - 322. Suppose -495 = -4*y - 5*c, -5*c = -u*y + 80 + 550. What is the tens digit of y?
2
Let y = 6980 + 1024. What is the thousands digit of y?
8
Let c(r) = -77*r + 30. Let j be (33 + -3)*4/(-10). What is the units digit of c(j)?
4
Let l = 571 - -446. Suppose 886 = 11*z - l. What is the hundreds digit of z?
1
Let k = -7248 - -14699. What is the units digit of k?
1
Let p(v) = -v**3 + 4*v**2 - 3*v + 15. Let c be p(4). Suppose -744 = -c*s + u + 265, 4*s + 5*u - 1377 = 0. What is the hundreds digit of s?
3
Let p = -659 + 666. What is the tens digit of 6/(-8 + p) - -570?
6
Let d = 83 - 62. Let n = d + -31. Let o(x) = -x**3 - 10*x**2 - 4*x + 16. What is the tens digit of o(n)?
5
Suppose 9*w = -2*f + 11729 + 194560, -5*f = 0. What is the tens digit of w?
2
Let z = 50 - 48. Let a(k) = -4*k**3 + k**2 + k - 1. Let u be a(1). What is the units digit of z/u - (-406)/6?
7
Suppose -3*a + 5*a + 3*g = -133, -257 = 4*a + 3*g. Let v = 36 - a. What is the units digit of v?
8
Let b be (4/((-4)/185))/(2/(-16)). Suppose 26*o = 31*o - b. What is the units digit of o?
6
Suppose 3*q + 783 = -4*d, 512 = -2*d - 5*q + 117. What is the units digit of (4 - 0) + -1 + d/(-1)?
8
Suppose -14*a + 26941 + 3071 + 21228 = 0. What is the tens digit of a?
6
Suppose 4221*c = 4238*c - 104703. What is the units digit of c?
9
Suppose -2*c + 0*c = -5*b + 11, 5*c = -2*b + 16. Suppose -38 + 124 = c*h. Suppose -7*i = -314 - h. What is the tens digit of i?
5
Let g(o) = -17 + o**3 - 15*o**2 + 5 - 6 - 2*o**3 - 15*o. Let q be g(-13). Let y = q + 269. What is the units digit of y?
8
Let y be 15/(-9) - -1 - 4/(-6). Let d be 2*(18 + y)*1. What is the units digit of d/(-84) - (-423)/7?
0
Suppose 18734 = 30*v - 13*v. Suppose x + x - 3*d - v = 0, x - 554 = 3*d. What is the units digit of x?
8
Let y be (2/3)/((-56)/(-252)). Suppose -l - 3*l = -1428. Suppose 3*t - l - 105 = -y*n, t - 5*n = 160. What is the units digit of t?
5
Suppose 18*p - 30663 = 151731. What is the hundreds digit of p?
1
Suppose -3*k = -15, -8*k + 3*k + 3 = -2*b. Let z = 1 + b. Suppose z*n = n + 1133. What is the units digit of n?
3
Suppose i - o = -317, 3*o = -0*i - 2*i - 659. Suppose -3*t = 3*h - 1809, 663 = 4*h + 3*t - 1745. Let k = i + h. What is the tens digit of k?
7
What is the thousands digit of (-11367705)/(-675) + 12/(-270)?
6
What is the ten thousands digit of 70/245 + 7/((-147)/(-557334))?
2
Let h = -21622 - -58332. What is the thousands digit of h?
6
Let d(p) be the first derivative of -p**4/4 + 7*p**3/3 - 3*p**2 + 3*p + 11. Let z be d(6). What is the units digit of (-1*3/z)/((-1)/61)?
1
Let o be (-215)/(-86) - (2/(-4) - 2). Suppose 4*m = o*p + 3605, -m - 5*p + 290 = -605. What is the tens digit of m?
0
Let t(g) = -2*g**3 - 6*g**2 + 5*g + 5. Let k be t(-3). What is the tens digit of 1995/(-14)*(78/k + 3)?
8
Let b be (-1672)/(-12)*-3*(-3)/6. Suppose b*v = 205*v + 1756. What is the tens digit of v?
3
Let m(x) = 1306*x**2 - 55*x - 101. What is the thousands digit of m(-2)?
5
Let b(o) = o**3 + 83*o**2 + 168*o - 1379. What is the hundreds digit of b(-71)?
1
Let i = 16426 - 8606. What is the units digit of i?
0
Let z = -1101 - -726. Let p = z + 637. What is the units digit of p?
2
Suppose -5*h + 24 = 9. Suppose -h*p + 4*y = 31, p + 2*p + 5*y - 5 = 0. What is the units digit of (-6464)/(-40) + 3/p?
1
Let y(m) = -429*m + 13. Let s be y(3). Let n be 1 - s/((-4)/(-2)). Suppose 260 = a + a + 2*v, -5*a + v + n = 0. What is the tens digit of a?
2
Let r = -30 - -29. What is the tens digit of (7 - 2)/r - (46 + -1282)?
3
Suppose -8*f = -4*f - 5*g - 5, 2*g = 5*f - 19. Let t be (2/f)/(2/(-50)). Let h = 33 + t. What is the tens digit of h?
2
Suppose -5*v - 384*h = -382*h - 55365, 44315 = 4*v - 3*h. What is the hundreds digit of v?
0
Suppose -127*p + 47089 + 311559 = 0. What is the units digit of p?
4
Suppose 3*v = -5*t + 187701, 5*t = -5*v + 264625 - 76940. What is the hundreds digit of t?
5
Suppose -22*g + 13*g = -102537. What is the hundreds digit of g?
3
Let s(j) = 28*j + 10. Let t(x) = -x**3 - 11*x**2 - 19*x - 5. Let d be t(-9). Let b be (0 + -4)/(3 - d). What is the hundreds digit of s(b)?
1
Let y(d) be the third derivative of 191*d**5/60 - 5*d**4/24 - d**3 - 11*d**2 + 8. What is the units digit of y(-2)?
8
What is the thousands digit of (10 - 6877775/(-200)) + 2*(-2)/(-32)?
4
Suppose 35*v - 32*v + 27 = 0, 3*r = 4*v + 24474. What is the units digit of r?
6
Let w(v) = -2*v**2 - 67*v - 11. Let n be w(-15). Let q = -208 + n. What is the hundreds digit of q?
3
Suppose -j - 2*v + 11568 = -23666, -v + 317021 = 9*j. What is the hundreds digit of j?
2
Let o = 1016 + -207. Suppose -4*n + n - o = -4*l, 4*n + 1012 = 5*l. What is the hundreds digit of l?
2
Let k = 4855 + -3425. What is the units digit of k?
0
Let d(c) = 32*c**2 - 1529*c - 26. What is the thousands digit of d(49)?
1
Let b be (96/36)/((-2)/(-3)). Let t(i) = 160*i. Let z be t(b). What is the tens digit of (-18)/(-5)*z/48?
4
Let x = 149 - 149. What is the units digit of 120 + -35 + 1 + x?
6
Let t(g) = g**2 + 15*g + 40. Let l be t(-3). Suppose -l*u - 67*k + 134 = -69*k, 3*k = -u + 16. What is the units digit of u?
1
Suppose 2*p = -4*j + 143 - 17, 0 = -j. Suppose 27 = h - p. Suppose 3*q - g = 212, -3*g - h - 132 = -3*q. What is the units digit of q?
9
Let j = 36 + -34. Suppose 1243 = 2*a + j*a + 5*q, 4 = -4*q. What is the units digit of a?
2
Let c = -1453 - -2950. Let g = 2406 - c. What is the hundreds digit of g?
9
Let j = 108872 - 55208. What is the thousands digit of j?
3
Suppose 4*s - 4*i + 30224 = 8*s, 3*i = -5*s + 37770. What is the hundreds digit of s?
5
Suppose -5*k - 5 = -m - 20, 0 = 2*m. Suppose 5*w = k*w + 18. Suppose -h - 1216 = -w*h. What is the hundreds digit of h?
1
Let x be 20/4 + (-1 - -1). Let p be (-8)/20 + 2447/x. Let s = -312 + p. What is the hundreds digit of s?
1
Let f be (32/(-5))/(24/(-1860)). Suppose -4*a - 15*s + 20*s + 41 = 0, 4*a + 4*s + 4 = 0. Suppose 6*y - f = a*y. What is the units digit of y?
8
Suppose 34*g + 4519 = 4*y + 33*g, 2*y = -2*g + 2252. What is the tens digit of y?
2
Let f = 207 - 205. Let i(b) = 375*b**2 - b + 5. What is the tens digit of i(f)?
0
Let a be 4/(-18) - (444/(-54) - -6). Let b(g) = 123*g**2 + 4*g - 3. What is the units digit of b(a)?
7
Suppose 4*t + 4*u - 132 = 0, -5*u + 6*u = 3*t - 115. Suppose 4*i + 2020 = 4*r, 32*i + 1499 = 3*r + t*i. What is the tens digit of r?
0
Let w be ((-11)/(-2))/((-1)/2). Let k(l) = 8*l**2 - 45. What is the 